{"id":114,"date":"2023-09-12T04:01:34","date_gmt":"2023-09-12T04:01:34","guid":{"rendered":"http:\/\/192.168.1.243\/?page_id=114"},"modified":"2024-02-25T13:48:57","modified_gmt":"2024-02-25T13:48:57","slug":"10cc","status":"publish","type":"page","link":"http:\/\/www.snareman.fi\/index.php\/musiikkia\/konserttikuvia\/10cc\/","title":{"rendered":"10cc"},"content":{"rendered":"\n<p><strong>10cc live in Sein\u00e4joki Areena 6.5.2017<\/strong><\/p>\n\n\n\n<p>Graham Gouldman: bass, quitar, vocals<br>Rick Fenn: quitar, vocals, bass<br>Paul Burgess: drums, percussion<br>Mick Wilson: vocals, percussion, quitar, keyboards<br>Keith Hayman: keyboards, quitar, bass, vocals<\/p>\n\n\n\n<p>Ohessa Antti Vainion kirjoittama juttu Ilkka -lehteen kev\u00e4\u00e4lt\u00e4 2017.\u00a0\u00a0<em>\u00a0<a style=\"color: #3366ff;\" href=\"http:\/\/www.snareman.fi\/wp-content\/uploads\/2023\/09\/Ilkka-lehti-juttu-10cc.pdf\"><strong>Juttuun klikkaa t\u00e4st\u00e4<\/strong><\/a><\/em><\/p>\n\n\n\n<p>#Sein\u00e4joki Areena #Keijo Kitinoja #Insin\u00f6\u00f6ritoimisto Sein\u00e4joen Rakennustekniikka Oy<\/p>\n\n\n\nngg_shortcode_0_placeholder\n","protected":false},"excerpt":{"rendered":"<p>10cc live in Sein\u00e4joki Areena 6.5.2017 Graham Gouldman: bass, quitar, vocalsRick Fenn: quitar, vocals, bassPaul Burgess: drums, percussionMick Wilson: vocals, percussion, quitar, keyboardsKeith Hayman: keyboards, quitar, bass, vocals Ohessa Antti <a class=\"read-more-link\" href=\"http:\/\/www.snareman.fi\/index.php\/musiikkia\/konserttikuvia\/10cc\/\">Read More<\/a><\/p>\n","protected":false},"author":1,"featured_media":0,"parent":104,"menu_order":4,"comment_status":"closed","ping_status":"closed","template":"","meta":{"ngg_post_thumbnail":0,"footnotes":""},"class_list":["post-114","page","type-page","status-publish","hentry"],"_links":{"self":[{"href":"http:\/\/www.snareman.fi\/index.php\/wp-json\/wp\/v2\/pages\/114","targetHints":{"allow":["GET"]}}],"collection":[{"href":"http:\/\/www.snareman.fi\/index.php\/wp-json\/wp\/v2\/pages"}],"about":[{"href":"http:\/\/www.snareman.fi\/index.php\/wp-json\/wp\/v2\/types\/page"}],"author":[{"embeddable":true,"href":"http:\/\/www.snareman.fi\/index.php\/wp-json\/wp\/v2\/users\/1"}],"replies":[{"embeddable":true,"href":"http:\/\/www.snareman.fi\/index.php\/wp-json\/wp\/v2\/comments?post=114"}],"version-history":[{"count":7,"href":"http:\/\/www.snareman.fi\/index.php\/wp-json\/wp\/v2\/pages\/114\/revisions"}],"predecessor-version":[{"id":678,"href":"http:\/\/www.snareman.fi\/index.php\/wp-json\/wp\/v2\/pages\/114\/revisions\/678"}],"up":[{"embeddable":true,"href":"http:\/\/www.snareman.fi\/index.php\/wp-json\/wp\/v2\/pages\/104"}],"wp:attachment":[{"href":"http:\/\/www.snareman.fi\/index.php\/wp-json\/wp\/v2\/media?parent=114"}],"curies":[{"name":"wp","href":"https:\/\/api.w.org\/{rel}","templated":true}]}}